2 + 1. Let s(t) = -t**3 - 15*t**2 + 18*t - 5. Let h(c) = -s(c) + 6*x(c). What is the units digit of h(u)?
1
Let d = -7501 + 38355. What is the units digit of d?
4
Let k(o) = 613*o - 3544. What is the units digit of k(30)?
6
Suppose -5*v + 71813 + 113533 = 9*v. What is the thousands digit of v?
3
Let f(m) = 6*m**3 + 4*m**2 - 9*m + 1. Let y be -1*((-1 - 3) + 5 - 5). What is the hundreds digit of f(y)?
4
Let g(s) = s**3 + 5*s**2 + 3*s + 5. Let l be g(-4). Let q = l + 5. What is the units digit of q/((2/21)/((-4)/(-6)))?
8
What is the tens digit of (5/2)/((-124)/(-253208))?
0
Suppose -37*i + 164251 = -260250. What is the tens digit of i?
7
Let v be (89 - 91) + (6 - (1 + 0)). Suppose 4*q + 21*y - 19*y = 1858, -v*y - 1371 = -3*q. What is the tens digit of q?
6
Suppose 0 = -z - 4 + 4. Suppose 2*p = -z*p + 4*q - 10, 0 = 3*q - 9. What is the units digit of (p - (-4221)/24) + (-3)/(-24)?
7
Let a = -446 - -1432. Suppose -4*x - 695 - a = -5*k, 2*k - 682 = 4*x. What is the tens digit of k?
3
Suppose -3*a - 4*n + 14214 = 0, 3*a - 2*n + n - 14199 = 0. Suppose 13*i = 1740 + a. What is the hundreds digit of i?
4
Let j = 11941 - 3790. What is the units digit of j?
1
Suppose -u - 70 = 50. Let x be 39/8 + (-15)/u. Suppose -q - q = -3*s + 183, 0 = 2*s - x*q - 133. What is the units digit of s?
9
Let y = 5247 - 851. What is the units digit of y?
6
Suppose -5*x + d - 176 = 0, -2*x - 3*x + 4*d - 164 = 0. Let w = x - -36. What is the tens digit of (-2 + w + (-156)/15)*-5?
6
Let y be (3/(-2))/(30/(-80)) + -1. Suppose 1828 = y*n - 2*d + 7*d, 1822 = 3*n + 2*d. What is the tens digit of n?
0
Suppose -18*d + 138624 = -6*d. Suppose -40*y + 21*y + d = 0. What is the hundreds digit of y?
6
What is the thousands digit of 2528921/123 - 8/24?
0
Suppose 3*l = 3*w - 21183, 0 = -w + 5*l + 3602 + 3447. What is the hundreds digit of w?
0
Let z = 1944 - 385. What is the tens digit of z?
5
Suppose -5*z = 3*y - 23956, 2*y + 9598 = 2*z - 2*y. What is the tens digit of z?
9
Suppose 4*u - 158 = -m, 2*m = 5*u - 0*m - 204. Let s = 116 + u. What is the units digit of 1/(((-13)/s)/(39/(-2)))?
4
Let l = 37 - 28. Let n(c) = -c**2 + 3*c - 10. Let p be n(l). What is the units digit of ((-1)/(-2))/((-4)/p)?
8
Suppose -15 + 3 = 2*a. Let o be (1 - (-4)/a)*3 + 17. Suppose 0 = o*x - 14*x - 300. What is the tens digit of x?
7
What is the units digit of (103996/(-8) - -1)/((-166)/332)?
7
Let u = -43523 + 76614. What is the thousands digit of u?
3
Let j(z) = -10*z**2 + 1018*z + 187. What is the ten thousands digit of j(46)?
2
Suppose 1 = -5*j + 16. Let z be (0 - 317/j) + 49/(-147). Let m = z - -239. What is the hundreds digit of m?
1
What is the hundreds digit of ((-252757)/57 - 24)*-3?
3
What is the ten thousands digit of ((-8)/(-14))/(-11 - 35382622/(-3216598))?
4
Let u = 62 - 72. Let j be ((-12)/u)/3 + (-138)/(-30). Suppose g - j*p + 239 = 3*g, -119 = -g - 2*p. What is the units digit of g?
7
Suppose -6*m + 4600 = 5*w - 2*m, 2*m = -2*w + 1838. Suppose -4*x = 5*s - w, -5*x - 4*s - 201 + 1365 = 0. What is the tens digit of x?
3
Suppose -20*w = -15*w - 200. Suppose -2*j = 2*f - w, -15 = -f - 2*j + 3. Let h = f + 23. What is the tens digit of h?
4
Let n(i) = -2*i**2 - 18*i + 16789. What is the tens digit of n(0)?
8
Suppose 2*t + 2*b - 10 = 16, -5*b + 1 = -3*t. What is the hundreds digit of (-228)/t*(-3 + 5 + -6)?
1
Let n(a) = -4*a - 39. Let f be n(-15). Suppose 556 = f*m - 494. What is the units digit of m?
0
Suppose -t = -2*g - 3540, 4*g = 6*t - 2*t - 14152. What is the hundreds digit of (t/20 + 2)/(9/30)?
5
Let c = -1085 + 1814. Let i = 1646 - c. What is the tens digit of i?
1
Suppose -1564*k + 1569*k + c - 33747 = 0, -33763 = -5*k + c. What is the tens digit of k?
5
Suppose 0 = -13*k + 9*k + 584. Let o = -44 + k. What is the tens digit of o?
0
Suppose -5*f = -3*s - 467, -5*s - 328 - 471 = 2*f. Let c = s + 406. What is the hundreds digit of c?
2
Let o be (-241)/5 - (-5)/25. Let m be (2/3)/(4*(-1)/o). Let p = 50 - m. What is the tens digit of p?
4
What is the hundreds digit of (-136921)/(-7) - 359/2513?
5
Let o be (614/8)/(10*5/200). Let v = o + 64. What is the tens digit of v?
7
Let k be (-20)/(-15) - (-6)/(-18). What is the tens digit of 1/(-3)*(-15 - 6261) + k?
9
What is the hundreds digit of (8575 + -1)/((-11)/(5 - 49))?
2
Let t(j) = -6*j + 25. Let g be t(0). Let r be 2399/3 - (8 - g/3). Suppose 229 = -3*x + p + r, -2*x + 394 = 2*p. What is the hundreds digit of x?
1
Let x = -76 + 31. Let a be (600/x)/(2/(-3)). Suppose a = p - 48. What is the units digit of p?
8
Let h = 11083 + -10767. Suppose r - 3*x = 84, -5*x - 232 = 2*r - 5*r. Let b = h - r. What is the hundreds digit of b?
2
Suppose 5*i - 5*v = 131065, 1639*v = -3*i + 1636*v + 78675. What is the units digit of i?
9
Let j(y) = y + 2. Let l be j(4). Let a be l/(-8) + 1 - 15/(-20). What is the tens digit of 166/((-4 - a/(-1)) + 4)?
6
Suppose 5*m - 36 = 4. Let h(i) = i**3 - 9*i**2 + 6*i + 19. Let j be h(m). Suppose 0 = c - j*c + 44. What is the tens digit of c?
2
Suppose 50*i - 2*m - 182162 = 46*i, 0 = -5*i - m + 227671. What is the thousands digit of i?
5
Suppose -4*z + 959 = -2629. Suppose -8 = -4*m, -2*p + m + 1299 + z = 0. What is the units digit of p?
9
Suppose 5*q - 2*v = -6*v + 42, -3*q - 3*v + 24 = 0. Let l be 3381/35 - (-4)/q. Let s = -35 + l. What is the tens digit of s?
6
Let v be (-1)/(-2)*0/((-2)/2). Suppose v = -5*m - 25, p - m + 94 = 4*m. What is the hundreds digit of (-34)/p - 1090/(-7)?
1
Suppose 0 = 2*g + 5*b - 20, -4*b - 18 = -4*g - 3*b. Suppose 2*p - 1309 = -w, g*p - 7*w = -3*w + 3305. What is the hundreds digit of p?
6
Let b(x) = 29*x + 7. Let y be b(1). Suppose -377 = -y*s + 23*s. What is the units digit of s?
9
What is the units digit of ((-18866)/(-5))/1 - 16/(-20)?
4
Let s(u) = -22*u + 59. Let d be s(2). Suppose -d*y - 9*y = -6144. What is the hundreds digit of y?
2
Suppose -5*f + 56723 = 44*d - 40*d, 4*f - d = 45391. What is the units digit of f?
7
Let v be (-1 + 2)*(11 - (-2 - -10)). Suppose 4*o - z - 2851 = -2*z, -v*z - 3568 = -5*o. What is the units digit of o?
3
Suppose -j = -481 - 264. Suppose 332 = d - j. What is the thousands digit of d?
1
Suppose 5*j = -o + 525, -4*j - 3*o + 287 = -122. Let g(k) = 5*k + 148. Let l be g(-29). Suppose y - l*x = j + 60, y = 4*x + 161. What is the tens digit of y?
8
Let r = -963 - -8491. What is the units digit of r?
8
Suppose -2*s - 4*a = -1078, -5*s - 4*a + 1379 + 1304 = 0. Let h = -16 + s. What is the tens digit of h?
1
Let t(d) = -4924*d - 2432. What is the hundreds digit of t(-8)?
9
Suppose 0 = -107*u + 2280191 + 354363. What is the thousands digit of u?
4
Let u be 35 + 2*1/(-2). Let w = 468 + -488. Let o = u - w. What is the tens digit of o?
5
Let b be 45*(98/21)/14. Suppose -b*s = -3*s - 19896. What is the thousands digit of s?
1
Suppose 1766 = -17*y - 70. Let i = y + 240. What is the tens digit of i?
3
Let x(s) = 3*s**3 - 2*s**2 - 4*s - 6. Let l = 195 + -187. What is the tens digit of x(l)?
7
Let w(g) = 793*g + 50390. What is the hundreds digit of w(0)?
3
Suppose -11*h - 68 = -2. What is the tens digit of 2608/24 + 2 + 4/h?
1
Suppose -5*i = -5*f + 150385, 0 = -5*f - 3*i + 114031 + 36314. What is the units digit of f?
2
Suppose -5*l + 22 = 7. Let o be l/(-6)*3*(1 - 29). Let h = -19 + o. What is the tens digit of h?
2
Suppose -106 = -4*m - 30. Let k = m + -26. Let h(b) = -16*b + 5. What is the tens digit of h(k)?
1
Suppose -h = -0*x - 5*x - 15, x = -3. Suppose -3*n = -2*w - 1568, -9*n + 7*n + w + 1045 = h. What is the tens digit of n?
2
Let l be 227/(148/(-24) - -6). Let b = 1931 + l. What is the units digit of b?
9
Let a(w) = -w**2 - 25*w - 43. Let d be a(-21). Let r(y) = -d + 5*y + 46 + 16*y**2 + 4*y - 5*y. What is the tens digit of r(-2)?
6
Let n be 29/145 + (-28)/(-10). Suppose n*h + 4*z - 1802 = 0, 0 = -h + z + z + 594. What is the units digit of h?
8
Suppose 0 = -11*a + a - 20. Let z be (-192)/(-90) + a/15. What is the hundreds digit of ((-214)/4 + 3)/(z/(-4))?
1
Suppose 0 = -5*v + 5*m + 78150, 400*m = v + 398*m - 15631. What is the tens digit of v?
2
Suppose -3*o = 2*q - q - 120, -217 = -5*o + 4*q. Let l = -261 + 244. Let j = o + l. What is the tens digit of j?
2
Let l = 60465 - 32570. What is the thousands digit of l?
7
Let p(w) = -16*w + 3. Let g be p(-3). Suppose -25